{"id":159,"date":"2015-02-03T02:21:38","date_gmt":"2015-02-03T00:21:38","guid":{"rendered":"http:\/\/194.126.113.144\/~saar\/?page_id=159"},"modified":"2025-10-13T09:57:05","modified_gmt":"2025-10-13T06:57:05","slug":"kinkekaart","status":"publish","type":"page","link":"https:\/\/www.saaremassaaz.ee\/?page_id=159","title":{"rendered":"Kinkekaart"},"content":{"rendered":"<p><span style=\"color: #ff00d0;\"><a href=\"https:\/\/www.saaremassaaz.ee\/wp-content\/uploads\/2015\/02\/Kinkekaart-koopia-2-e1423303473243.jpg\"><img loading=\"lazy\" decoding=\"async\" class=\"alignright wp-image-391 size-medium\" src=\"https:\/\/www.saaremassaaz.ee\/wp-content\/uploads\/2015\/02\/Kinkekaart-koopia-2-300x139.jpg\" alt=\"Kinkekaart\" width=\"300\" height=\"139\" \/><\/a><strong>Kinkekaart on parim kingitus<\/strong><\/span><br \/><strong><span style=\"color: #ff00d0;\"> igaks elujuhtumiks,<\/span><\/strong><br \/><strong><span style=\"color: #ff00d0;\"> ning j\u00e4tab kauakestva m\u00e4lestuse<\/span><\/strong><br \/><strong><span style=\"color: #ff00d0;\"> Sinu k\u00f5ige kallimatele kaaslastele.<\/span><\/strong><br \/><strong><span style=\"color: #ff00d0;\"> J\u00f5ulud, s\u00f5brap\u00e4ev, emadep\u00e4ev,<\/span><\/strong><br \/><strong><span style=\"color: #ff00d0;\"> pulmad\u2026.olgu s\u00fcndmus milline tahes!<\/span><\/strong><\/p>\n<p><strong><span style=\"color: #ff00d0;\">Kinkida v\u00f5ib sobiva massaa\u017ei v\u00f5i teatava summa, mille ulatuses kingi saaja valib iseendale meelep\u00e4rase!\u00a0<\/span><\/strong><\/p>\n\n\n<p><\/p>\n\n\n\n<p><\/p>\n","protected":false},"excerpt":{"rendered":"<p>Kinkekaart on parim kingitus igaks elujuhtumiks, ning j\u00e4tab kauakestva m\u00e4lestuse Sinu k\u00f5ige kallimatele kaaslastele. J\u00f5ulud, s\u00f5brap\u00e4ev, emadep\u00e4ev, pulmad\u2026.olgu s\u00fcndmus milline tahes! Kinkida v\u00f5ib sobiva massaa\u017ei v\u00f5i teatava summa, mille ulatuses kingi saaja valib iseendale meelep\u00e4rase!\u00a0<\/p>\n","protected":false},"author":1,"featured_media":0,"parent":0,"menu_order":0,"comment_status":"closed","ping_status":"closed","template":"","meta":{"footnotes":""},"class_list":["post-159","page","type-page","status-publish","hentry"],"aioseo_notices":[],"_links":{"self":[{"href":"https:\/\/www.saaremassaaz.ee\/index.php?rest_route=\/wp\/v2\/pages\/159","targetHints":{"allow":["GET"]}}],"collection":[{"href":"https:\/\/www.saaremassaaz.ee\/index.php?rest_route=\/wp\/v2\/pages"}],"about":[{"href":"https:\/\/www.saaremassaaz.ee\/index.php?rest_route=\/wp\/v2\/types\/page"}],"author":[{"embeddable":true,"href":"https:\/\/www.saaremassaaz.ee\/index.php?rest_route=\/wp\/v2\/users\/1"}],"replies":[{"embeddable":true,"href":"https:\/\/www.saaremassaaz.ee\/index.php?rest_route=%2Fwp%2Fv2%2Fcomments&post=159"}],"version-history":[{"count":12,"href":"https:\/\/www.saaremassaaz.ee\/index.php?rest_route=\/wp\/v2\/pages\/159\/revisions"}],"predecessor-version":[{"id":723,"href":"https:\/\/www.saaremassaaz.ee\/index.php?rest_route=\/wp\/v2\/pages\/159\/revisions\/723"}],"wp:attachment":[{"href":"https:\/\/www.saaremassaaz.ee\/index.php?rest_route=%2Fwp%2Fv2%2Fmedia&parent=159"}],"curies":[{"name":"wp","href":"https:\/\/api.w.org\/{rel}","templated":true}]}}