{"id":211,"date":"2015-02-04T15:14:03","date_gmt":"2015-02-04T13:14:03","guid":{"rendered":"http:\/\/www.saaremassaaz.ee\/?page_id=211"},"modified":"2015-02-06T10:51:36","modified_gmt":"2015-02-06T08:51:36","slug":"meemassaas","status":"publish","type":"page","link":"https:\/\/www.saaremassaaz.ee\/?page_id=211","title":{"rendered":"MEEMASSAA\u017d"},"content":{"rendered":"<p><span style=\"color: #008000;\">Meemassaa\u017e on suurep\u00e4rane prof\u00fclaktikavahend bronhiitide,<img loading=\"lazy\" decoding=\"async\" class=\"alignright  wp-image-259\" src=\"https:\/\/www.saaremassaaz.ee\/wp-content\/uploads\/2015\/02\/massaazmeega-300x225.jpg\" alt=\"massaazmeega\" width=\"263\" height=\"197\" srcset=\"https:\/\/www.saaremassaaz.ee\/wp-content\/uploads\/2015\/02\/massaazmeega-300x225.jpg 300w, https:\/\/www.saaremassaaz.ee\/wp-content\/uploads\/2015\/02\/massaazmeega.jpg 1024w\" sizes=\"auto, (max-width: 263px) 100vw, 263px\" \/><\/span><\/p>\n<p><span style=\"color: #008000;\">kopsup\u00f5letike ja vegetatiiv-vaskulaarse d\u00fcstoonia vastu.<\/span><br \/>\n<span style=\"color: #008000;\"> Taastab suurep\u00e4raselt liigeste t\u00f6\u00f6.<\/span><br \/>\n<span style=\"color: #008000;\"> N\u00e4idustatud kaela ja nimme osteokondrooside ning radikuliitide korral,<\/span><br \/>\n<span style=\"color: #008000;\"> kuna on kombinatsioonis erilise massaa\u017eitehnikaga<\/span><br \/>\n<span style=\"color: #008000;\"> on kudesid s\u00fcgavalt soojendava toimega.<\/span><br \/>\n<span style=\"color: #008000;\"> Meemassaa\u017e \u2013 kosmeetiline ja tervendav protseduur.<\/span><\/p>\n<p><span style=\"color: #008000;\">Massaa\u017eiprotsessis toimub kudede s\u00fcgavpuhastus. Mesi t\u00f5mbab s\u00f5na otseses m\u00f5ttes k\u00f5ik aastate jooksul kogunenud toksiinid ja \u0161lakid v\u00e4lja.<\/span><\/p>\n<p><span style=\"color: #008000;\">Mee unikaalsed omadused kombinatsioonis spetsiaalse massaa\u017eitehnikaga aitavad tselluliidiga suurep\u00e4raselt hakkama saada, samuti on need suurep\u00e4raseks vahendiks v\u00e4simuse v\u00e4hendamisel ja v\u00f5itlusel stressiga.<\/span><\/p>\n<p style=\"text-align: left;\"><span style=\"color: #008000;\">Eelk\u00f5ige on see tingitud tema looduslikest omadustest. T\u00e4nap\u00e4eval on see loodustoode kosmetoloogias laialdaselt kasutusel, kuna mesi sisaldab K, B, A, C, H ja E r\u00fchma vitamiine, samuti antioks\u00fcdante, mineraale, ens\u00fc\u00fcme, fermente, aminohappeid ja teisi inimesele kasulikke aineid.<\/span><\/p>\n<p><span style=\"color: #008000;\">Mesi on bioaktiivne aine, mis imendub nahas kiiresti ja t\u00e4ielikult ning tungib seej\u00e4rel raskusteta organismi kudede s\u00fcvakihtidesse, aidates kaasa vigastatud osade taastumisele, stimuleerides vereringet ja ainevahetusprotsesse, normaliseerides nahakatete toitmist ning tugevdades immuunsust mikroorganismide ja muude keskkonnategurite vastu. Rakupotentsiaali suurenemise tulemusena tugevneb lokaalne immuunsus ning nahk nooreneb<\/span>.<\/p>\n<p>&nbsp;<\/p>\n","protected":false},"excerpt":{"rendered":"<p>Meemassaa\u017e on suurep\u00e4rane prof\u00fclaktikavahend bronhiitide, kopsup\u00f5letike ja vegetatiiv-vaskulaarse d\u00fcstoonia vastu. Taastab suurep\u00e4raselt liigeste t\u00f6\u00f6. N\u00e4idustatud kaela ja nimme osteokondrooside ning radikuliitide korral, kuna on kombinatsioonis erilise massaa\u017eitehnikaga on kudesid s\u00fcgavalt soojendava toimega. Meemassaa\u017e \u2013 kosmeetiline ja tervendav protseduur. Massaa\u017eiprotsessis toimub kudede s\u00fcgavpuhastus. Mesi t\u00f5mbab s\u00f5na otseses m\u00f5ttes k\u00f5ik aastate jooksul kogunenud toksiinid ja \u0161lakid v\u00e4lja. [&hellip;]<\/p>\n","protected":false},"author":1,"featured_media":0,"parent":0,"menu_order":0,"comment_status":"closed","ping_status":"closed","template":"","meta":{"footnotes":""},"class_list":["post-211","page","type-page","status-publish","hentry"],"aioseo_notices":[],"_links":{"self":[{"href":"https:\/\/www.saaremassaaz.ee\/index.php?rest_route=\/wp\/v2\/pages\/211","targetHints":{"allow":["GET"]}}],"collection":[{"href":"https:\/\/www.saaremassaaz.ee\/index.php?rest_route=\/wp\/v2\/pages"}],"about":[{"href":"https:\/\/www.saaremassaaz.ee\/index.php?rest_route=\/wp\/v2\/types\/page"}],"author":[{"embeddable":true,"href":"https:\/\/www.saaremassaaz.ee\/index.php?rest_route=\/wp\/v2\/users\/1"}],"replies":[{"embeddable":true,"href":"https:\/\/www.saaremassaaz.ee\/index.php?rest_route=%2Fwp%2Fv2%2Fcomments&post=211"}],"version-history":[{"count":8,"href":"https:\/\/www.saaremassaaz.ee\/index.php?rest_route=\/wp\/v2\/pages\/211\/revisions"}],"predecessor-version":[{"id":374,"href":"https:\/\/www.saaremassaaz.ee\/index.php?rest_route=\/wp\/v2\/pages\/211\/revisions\/374"}],"wp:attachment":[{"href":"https:\/\/www.saaremassaaz.ee\/index.php?rest_route=%2Fwp%2Fv2%2Fmedia&parent=211"}],"curies":[{"name":"wp","href":"https:\/\/api.w.org\/{rel}","templated":true}]}}