{"id":227,"date":"2015-02-04T15:51:46","date_gmt":"2015-02-04T13:51:46","guid":{"rendered":"http:\/\/www.saaremassaaz.ee\/?page_id=227"},"modified":"2015-02-06T10:49:46","modified_gmt":"2015-02-06T08:49:46","slug":"klassikalinemassaaz","status":"publish","type":"page","link":"https:\/\/www.saaremassaaz.ee\/?page_id=227","title":{"rendered":"KLASSIKALINEMASSAA\u017d"},"content":{"rendered":"<p><span style=\"color: #008000;\">Klassikaline massaa\u017e on traditsiooniline ja levinud massaa\u017eiliik,<a style=\"color: #008000;\" href=\"https:\/\/www.saaremassaaz.ee\/wp-content\/uploads\/2015\/02\/KLASSIKALINE-MASSAAZ.jpg\"><img loading=\"lazy\" decoding=\"async\" class=\"alignright  wp-image-254\" src=\"https:\/\/www.saaremassaaz.ee\/wp-content\/uploads\/2015\/02\/KLASSIKALINE-MASSAAZ-300x225.jpg\" alt=\"KLASSIKALINE-MASSAAZ\" width=\"252\" height=\"189\" srcset=\"https:\/\/www.saaremassaaz.ee\/wp-content\/uploads\/2015\/02\/KLASSIKALINE-MASSAAZ-300x225.jpg 300w, https:\/\/www.saaremassaaz.ee\/wp-content\/uploads\/2015\/02\/KLASSIKALINE-MASSAAZ.jpg 1024w\" sizes=\"auto, (max-width: 252px) 100vw, 252px\" \/><\/a><\/span><br \/>\n<span style=\"color: #008000;\"> mis baseerub rootsi massaa\u017eil. Seda tehakse nii \u00f5lidega,<\/span><br \/>\n<span style=\"color: #008000;\"> kui ka kuivalt. Ravimassaa\u017ei v\u00f5ib teha vastavalt soovile ja vajadusele,<\/span><br \/>\n<span style=\"color: #008000;\"> kas \u00fcksikutele kehaosadele v\u00f5i kogu kehale.<\/span><br \/>\n<span style=\"color: #008000;\"> Massaa\u017ei peaeesm\u00e4rk on parandada kudede hapnikuga varustatust<\/span><br \/>\n<span style=\"color: #008000;\"> ja eemaldada organismist toksiine, seega kiirendada ainevahetust,<\/span><br \/>\n<span style=\"color: #008000;\"> taastada kaotsil\u00e4inud energiat, korrigeerida lihastoonust.<\/span><br \/>\n<span style=\"color: #008000;\"> Toime on vastavalt kasutatud v\u00f5tetele kas l\u00f5\u00f5gastav v\u00f5i toonust t\u00f5stev.<\/span><br \/>\n<span style=\"color: #008000;\"> Klassikalise massaa\u017ei tehnikad sisaldavad endas silitamisi, naha ja naha-aluskoe h\u00f5\u00f5rumisi, lihaste muljumist, vibratsiooni ja erinevaid kergeid l\u00f6\u00f6gilisi v\u00f5tteid. Peale massaa\u017ei on soovitav juua ravimteed v\u00f5i mineraalvett ning paar tundi mitte s\u00fc\u00fca.<\/span><\/p>\n","protected":false},"excerpt":{"rendered":"<p>Klassikaline massaa\u017e on traditsiooniline ja levinud massaa\u017eiliik, mis baseerub rootsi massaa\u017eil. Seda tehakse nii \u00f5lidega, kui ka kuivalt. Ravimassaa\u017ei v\u00f5ib teha vastavalt soovile ja vajadusele, kas \u00fcksikutele kehaosadele v\u00f5i kogu kehale. Massaa\u017ei peaeesm\u00e4rk on parandada kudede hapnikuga varustatust ja eemaldada organismist toksiine, seega kiirendada ainevahetust, taastada kaotsil\u00e4inud energiat, korrigeerida lihastoonust. Toime on vastavalt kasutatud v\u00f5tetele [&hellip;]<\/p>\n","protected":false},"author":1,"featured_media":0,"parent":0,"menu_order":0,"comment_status":"closed","ping_status":"closed","template":"","meta":{"footnotes":""},"class_list":["post-227","page","type-page","status-publish","hentry"],"aioseo_notices":[],"_links":{"self":[{"href":"https:\/\/www.saaremassaaz.ee\/index.php?rest_route=\/wp\/v2\/pages\/227","targetHints":{"allow":["GET"]}}],"collection":[{"href":"https:\/\/www.saaremassaaz.ee\/index.php?rest_route=\/wp\/v2\/pages"}],"about":[{"href":"https:\/\/www.saaremassaaz.ee\/index.php?rest_route=\/wp\/v2\/types\/page"}],"author":[{"embeddable":true,"href":"https:\/\/www.saaremassaaz.ee\/index.php?rest_route=\/wp\/v2\/users\/1"}],"replies":[{"embeddable":true,"href":"https:\/\/www.saaremassaaz.ee\/index.php?rest_route=%2Fwp%2Fv2%2Fcomments&post=227"}],"version-history":[{"count":5,"href":"https:\/\/www.saaremassaaz.ee\/index.php?rest_route=\/wp\/v2\/pages\/227\/revisions"}],"predecessor-version":[{"id":372,"href":"https:\/\/www.saaremassaaz.ee\/index.php?rest_route=\/wp\/v2\/pages\/227\/revisions\/372"}],"wp:attachment":[{"href":"https:\/\/www.saaremassaaz.ee\/index.php?rest_route=%2Fwp%2Fv2%2Fmedia&parent=227"}],"curies":[{"name":"wp","href":"https:\/\/api.w.org\/{rel}","templated":true}]}}